t common divisor of v and 287.
7
Let g(x) = -9*x + 74. Let b be g(-10). Let n = 197 - b. Calculate the highest common divisor of n and 363.
33
Let q be ((9009/(-36))/13)/(1/(-504)). What is the highest common divisor of q and 54?
18
Let v(d) = 2 + 4*d**2 - 4 + 6*d - d. Let q be v(2). Calculate the highest common factor of q and 12.
12
Suppose 0 = 3*j - 259 - 962. Suppose -5*n - 3*x + 179 = 0, -4*n - x + 116 + 30 = 0. What is the highest common factor of n and j?
37
Let z be -2 - 5 - (-705)/15. Calculate the greatest common divisor of z and 2024.
8
Suppose -203*h - 4988 = -20213. What is the greatest common divisor of h and 12?
3
Let u = -253 + 284. Suppose 0 = u*q - 30*q - 572. What is the greatest common factor of q and 44?
44
Suppose -46*a = -20*a - 130. Let x(y) = -y**3 + 4*y**2 + 10*y - 16. Let q be x(a). Let l be (-3)/9 + 20/6. What is the greatest common factor of l and q?
3
Let g = 50 - 29. Suppose 7*w - 135 = 12. Calculate the highest common factor of w and g.
21
Let x = 27 + -20. Suppose 18*w = -x*w + 100. What is the highest common divisor of w and 68?
4
Let v(z) = -52*z + 41. Suppose 3*t + 2*g - 7 = 0, 0 = -2*t - g + 8 - 5. Let b be v(t). What is the highest common factor of b and 62?
31
Let m = 120 + -116. Suppose -m*o + 697 = -407. Suppose -7*f - o = -13*f. What is the greatest common divisor of 92 and f?
46
Suppose 15*b - 946 = 419. Let q(n) = 12*n**2 + 2*n + 3. Suppose -2 = 4*y + 2. Let k be q(y). Calculate the highest common divisor of b and k.
13
Suppose 7639 = 163*x - 2610 - 6377. Calculate the greatest common factor of x and 58.
2
Let q(c) = -c**3 + 18*c**2 + 14*c - 8. Let h be q(18). Suppose -1538 - h = -22*v. Calculate the highest common divisor of v and 9.
9
Suppose -8 = 65*t - 67*t. Let l(c) = c**2 + 30 + c - t*c + 2*c - 51. Let a be l(-5). Calculate the greatest common factor of a and 18.
9
Suppose -5*j + 15 = 0, -97*p = -95*p + 4*j - 22. Suppose 4*c - 431 = -p*b, 5*b - 433 = -4*c + 2*c. What is the greatest common divisor of b and 261?
87
Let g = -678 + 690. Let b be 5/((-5)/(-109)) - (1 + 0). Calculate the highest common factor of g and b.
12
Let f be (-1)/9 - 7583823/(-1053). What is the highest common divisor of 52 and f?
26
Suppose -4*y + 19 = 3*w, -3*y = 5*w + 35 - 52. Suppose -2*n + 81 = y*m - 47, 52 = n - m. Calculate the greatest common divisor of n and 8.
8
Suppose 12*q - 15*q + 12 = 0. Suppose -4*l - p = -q, -6*p + 1 = l - p. Suppose 7*m - 12*m = -42 - 3. Calculate the greatest common factor of l and m.
1
Suppose 34*x - 32*x + 47742 = 4*g, -4*x - 11946 = -g. What is the greatest common divisor of 13 and g?
13
Let i = 135 - 51. Suppose -z - 10 = -j - 4*j, 2*j + 9 = 3*z. Suppose -z*h + 12 = -4*h. Calculate the greatest common divisor of i and h.
12
Let c(n) = -12*n**3 - 2*n**2 - 56*n - 116. Let r be c(-2). Calculate the highest common factor of r and 399.
21
Suppose 28933 + 4216 = 151*b + 4157. Calculate the highest common factor of 488 and b.
8
Let d = 871 + -394. Let l = d + -463. What is the highest common factor of l and 70?
14
Suppose 0 = 215*i - 1197809 - 3172066. What is the greatest common factor of i and 15?
15
Let a(u) = u**3 - 23. Let c be a(0). Let g be (-23)/(c/(-6)) - -54. What is the highest common divisor of g and 6?
6
Suppose -3 = 4*l - 11. Let w be (-4)/l - (-27 - 5). Suppose c = -3*q + 3, -9*c + 5*c - 3*q + w = 0. What is the greatest common divisor of 18 and c?
9
Suppose 0 = 3*c - 3 - 33. Suppose 0 = 5*r - 251 + 226. Let n be r - 2 - 3*(-45)/3. What is the highest common factor of c and n?
12
Let q(n) = n**3 - n - 31. Let d be q(0). Let o be (31/(-4) + 6)*-20. Let h = o + d. What is the highest common divisor of h and 20?
4
Suppose -1440 = -20*l + 1160. Let c be 1*1/3 - (-77)/3. Calculate the greatest common factor of l and c.
26
Let n = 12948 - 12398. What is the highest common divisor of 880 and n?
110
Let k = -72 + 74. Let f(i) = 12*i**2 + k*i**2 + 12*i + 5*i - 24 + i**3 - 9*i. Let o be f(-12). Calculate the greatest common factor of o and 24.
24
Suppose -4*p = -7*p - 18, -4*p = -4*a + 3284. Calculate the highest common factor of 3097 and a.
163
Suppose -22 - 92 = r - o, 5*o - 350 = 3*r. Let x = r - -155. Let l = 5688 + -5678. What is the greatest common divisor of x and l?
5
Suppose 0*i - 62 = -i. Let l = -60 - -65. Suppose 2*g + l*g - 1085 = 0. Calculate the highest common divisor of g and i.
31
Suppose -20 = -4*r + 5*v, -3*r + 3*v = -16 + 1. Suppose r - 2 = i. Suppose -385 = i*l - 1465. Calculate the greatest common divisor of 45 and l.
45
Let f be (-203)/(-28) + 3 + (-2)/8. Suppose y + 2*t + 2 = 4*y, 2*y - 3*t = 3. Suppose y*i - 2*i = -f. What is the highest common factor of 60 and i?
5
Suppose -289*u + 279*u = -660. Calculate the greatest common factor of u and 2.
2
Let z = 331 + -287. Calculate the greatest common divisor of 319 and z.
11
Suppose 218*h + 19028 = 289*h. Suppose 5*y = -5*l, 0*l - 2*l = 8. Calculate the greatest common divisor of y and h.
4
Let l = -28835 - -28856. Calculate the highest common factor of 1743 and l.
21
Let i(p) = -4*p - 16. Let j be i(0). Let u(m) = -m**3 - 19*m**2 - 53*m - 7. Let q be u(j). What is the greatest common divisor of q and 1?
1
Suppose -4*i = 7*d - 258 - 2626, 2*d = -2*i + 824. What is the greatest common factor of 103 and d?
103
Let g be -1 + 0 - (-1 + 17)/(-4). Let z be ((-16)/g)/((-4)/6). Suppose -z*x = -58 - 278. What is the highest common factor of 21 and x?
21
Let p be 374 + ((-18)/8*1)/(6/16). Calculate the highest common divisor of p and 1012.
92
Suppose 5*v + 9 + 22 = 3*d, 0 = 2*v + 2*d + 6. Let w = 10 + v. Suppose -2*s - 2*p + 10 = 3*s, s = w*p + 29. What is the greatest common factor of s and 16?
4
Suppose -4*f + 145 - 101 = 0. Suppose 1292 = 6*v + f*v. Calculate the highest common divisor of 38 and v.
38
Let w(o) = 33*o + 135. Let n be w(-4). Suppose -80 = -y - m, n*y = 4*m + 153 + 87. Suppose -3*r - r = -64. Calculate the highest common divisor of y and r.
16
Let v be ((-292)/3)/((-81)/243). Suppose -c + 2*u - 14 = -4*c, -2*c + 2*u = -6. What is the highest common divisor of c and v?
4
Let d be (-96)/(-7)*(-42)/(-4). Let c = -10412 - -10460. What is the greatest common factor of d and c?
48
Let a be (((-200)/28)/5)/(1/(-21)). Suppose -6*b + 2*b = -8. Suppose b*u - 12 = 8. Calculate the highest common factor of u and a.
10
Suppose -2*x = 3*x - 910. Let n = 59590 - 59434. What is the greatest common factor of n and x?
26
Let d be (-45)/60 - (-63)/(-12). Let s be (-1059)/(-15) + d/10. Calculate the greatest common factor of 14 and s.
14
Suppose -d = -84 - 32. Let p(b) = -b**3 + 6*b**2 - 4*b + 5. Let q be p(5). Let g be q*3 - 6/6*1. What is the highest common factor of g and d?
29
Let f(i) = i**3 + 24*i**2 - 3*i - 68. Let v be f(-24). Suppose 1612 = v*n - 5*d, 3*n - 391 = -2*d + 841. Calculate the highest common factor of n and 12.
12
Suppose -28*l + 8800 = 33*l - 11*l. Let u be 1/(-2) - (-132)/8. What is the highest common factor of u and l?
16
Let p = -42 - -43. Let u be (-2*p/2)/((-1)/180). Suppose 2*o = -4*o + u. What is the greatest common divisor of o and 45?
15
Let i be -15 - (-6)/(-12)*10. Let x = 115 + i. What is the highest common factor of 76 and x?
19
Let a = -4532 + 4539. What is the greatest common divisor of 1183 and a?
7
Let h be (-7)/(49/(-14))*(2 - -3). Suppose 0 = 7*u - h*u + 21. Calculate the greatest common factor of 224 and u.
7
Let c(o) = -2*o**2 + 13*o - 1. Let u be c(6). Let w(t) = 3 + 2 - u - 16*t. Let h be w(-7). Calculate the highest common factor of h and 7.
7
Suppose -31 = -4*l + 9. Let r(x) = -10*x + 0*x**2 - l - 2*x**2 - 12*x - 2. Let j be r(-10). What is the greatest common factor of j and 1?
1
Suppose -10*x = -14 + 664. Let f be -1*(x + -7)/2. Calculate the highest common divisor of f and 60.
12
Let w = 196 - 150. Suppose -w*q + 40*q + 24 = 0. Suppose 2*x - x - 10 = 0. Calculate the highest common divisor of q and x.
2
Suppose 0 = -40*s + 51*s. Suppose -4*w + 15 + 1917 = s. Calculate the highest common divisor of w and 21.
21
Let r be ((-30)/35)/(12/(-55944)). What is the highest common factor of 108 and r?
108
Suppose c = k + 99, 0 = 5*c + 24*k - 23*k - 489. What is the greatest common divisor of c and 224?
14
Suppose 112*b - 4291 + 1379 = 0. Calculate the highest common divisor of 9958 and b